 39577 is divided by 347?
19
Calculate the remainder when 329869 is divided by 464.
429
Calculate the remainder when 21993 is divided by 4676.
3289
What is the remainder when 357152 is divided by 1134?
1076
Calculate the remainder when 14606386 is divided by 10.
6
What is the remainder when 29802 is divided by 3765?
3447
What is the remainder when 205580330 is divided by 68526773?
11
Calculate the remainder when 8250111 is divided by 6356.
23
What is the remainder when 6007205 is divided by 1026?
1001
What is the remainder when 26873658 is divided by 23227?
19
What is the remainder when 2034741 is divided by 467?
22
What is the remainder when 19209906 is divided by 2017?
2015
What is the remainder when 23111545 is divided by 784?
9
What is the remainder when 74394 is divided by 18464?
538
Calculate the remainder when 31611 is divided by 7775.
511
What is the remainder when 14355790 is divided by 206?
62
Calculate the remainder when 3837845 is divided by 123.
122
Calculate the remainder when 60426 is divided by 2150.
226
What is the remainder when 35937 is divided by 17800?
337
Calculate the remainder when 9648 is divided by 8421.
1227
What is the remainder when 6792255 is divided by 617476?
19
What is the remainder when 2766342 is divided by 40681?
34
Calculate the remainder when 7320900 is divided by 1476.
1416
Calculate the remainder when 127736312 is divided by 1280.
1272
What is the remainder when 47449 is divided by 1889?
224
Calculate the remainder when 109027 is divided by 3247.
1876
Calculate the remainder when 292726 is divided by 97559.
49
Calculate the remainder when 14529418 is divided by 732.
682
What is the remainder when 7259557 is divided by 7?
4
What is the remainder when 8192518 is divided by 280?
278
Calculate the remainder when 408618 is divided by 4397.
4094
What is the remainder when 7411303 is divided by 337?
336
What is the remainder when 1973640 is divided by 11408?
56
Calculate the remainder when 51248 is divided by 2309.
450
What is the remainder when 10522641 is divided by 16?
1
What is the remainder when 32702288 is divided by 101?
3
Calculate the remainder when 712335 is divided by 7.
1
Calculate the remainder when 3561408 is divided by 508.
328
Calculate the remainder when 2501069 is divided by 1008.
221
Calculate the remainder when 365332 is divided by 5707.
84
Calculate the remainder when 803345 is divided by 1067.
961
Calculate the remainder when 12267463 is divided by 134.
31
What is the remainder when 17858900 is divided by 17858832?
68
What is the remainder when 1690763 is divided by 130057?
22
Calculate the remainder when 92418 is divided by 92161.
257
Calculate the remainder when 179101 is divided by 74.
21
Calculate the remainder when 15736050 is divided by 37827.
18
What is the remainder when 3327672 is divided by 929?
923
Calculate the remainder when 19257809 is divided by 33318.
5
What is the remainder when 5317248 is divided by 6?
0
What is the remainder when 27995891 is divided by 21?
14
What is the remainder when 2387876 is divided by 594?
590
What is the remainder when 3877262 is divided by 1209?
1208
Calculate the remainder when 6674549 is divided by 160.
149
What is the remainder when 4156854 is divided by 61?
9
What is the remainder when 20636076 is divided by 3621?
3618
Calculate the remainder when 70539893 is divided by 863.
862
What is the remainder when 4367697 is divided by 89127?
474
What is the remainder when 1530968 is divided by 218707?
19
What is the remainder when 5591792 is divided by 84?
80
Calculate the remainder when 57349229 is divided by 16.
13
Calculate the remainder when 13602012 is divided by 40.
12
What is the remainder when 838762 is divided by 168?
106
What is the remainder when 12800549 is divided by 73?
72
Calculate the remainder when 4506065 is divided by 166891.
8
Calculate the remainder when 4301734 is divided by 146.
136
Calculate the remainder when 393973 is divided by 3283.
13
What is the remainder when 3571547 is divided by 970?
7
What is the remainder when 2005552 is divided by 182321?
21
Calculate the remainder when 207538 is divided by 979.
969
What is the remainder when 77193545 is divided by 52620?
5
What is the remainder when 6901462 is divided by 1076?
1074
What is the remainder when 41051142 is divided by 1689?
1686
What is the remainder when 18310502 is divided by 1731?
1715
What is the remainder when 83331438 is divided by 40?
38
Calculate the remainder when 37875130 is divided by 37875113.
17
What is the remainder when 39092 is divided by 374?
196
What is the remainder when 20977806 is divided by 688?
686
What is the remainder when 6954851 is divided by 3130?
3121
What is the remainder when 2815657 is divided by 105?
82
Calculate the remainder when 370681 is divided by 717.
709
What is the remainder when 1116910 is divided by 29349?
1648
Calculate the remainder when 7321759 is divided by 228803.
63
Calculate the remainder when 717632 is divided by 717580.
52
What is the remainder when 1669813 is divided by 556526?
235
Calculate the remainder when 751692 is divided by 1345.
1182
Calculate the remainder when 145364 is divided by 118.
106
What is the remainder when 16170457 is divided by 12?
1
What is the remainder when 7964 is divided by 554?
208
What is the remainder when 175379 is divided by 228?
47
Calculate the remainder when 2022865 is divided by 437.
429
What is the remainder when 412940 is divided by 73?
52
What is the remainder when 930400 is divided by 29?
22
What is the remainder when 26502 is divided by 1316?
182
Calculate the remainder when 63055269 is divided by 700614.
9
Calculate the remainder when 1030903 is divided by 171787.
181
Calculate the remainder when 2905352 is divided by 102.
86
What is the remainder when 19425180 is divided by 43849?
73
Calculate the remainder when 362000 is divided by 1364.
540
Calculate the remainder when 4824806 is divided by 18003.
2
What is the remainder when 33877175 is divided by 615948?
35
What is the remainder when 94601 is divided by 1316?
1165
What is the remainder when 438640450 is divided by 12?
10
Calculate the remainder when 339300 is divided by 339290.
10
What is the remainder when 20722 is divided by 6906?
4
Calculate the remainder when 19603246 is divided by 394.
170
Calculate the remainder when 6874243 is divided by 84867.
16
What is the remainder when 1628125 is divided by 5733?
5686
Calculate the remainder when 201236 is divided by 49780.
2116
Calculate the remainder when 35875031 is divided by 11469.
11468
What is the remainder when 13291 is divided by 6159?
973
Calculate the remainder when 62495 is divided by 5675.
70
Calculate the remainder when 10001252 is divided by 744.
404
Calculate the remainder when 102212461 is divided by 1622420.
1
What is the remainder when 1548509 is divided by 57?
47
Calculate the remainder when 10932785 is divided by 2092.
2085
What is the remainder when 5706132 is divided by 33965?
12
What is the remainder when 1736481 is divided by 124034?
5
What is the remainder when 55198 is divided by 1895?
243
What is the remainder when 2420490 is divided by 1118?
20
Calculate the remainder when 7079914 is divided by 3539954.
6
What is the remainder when 156925 is divided by 7840?
125
Calculate the remainder when 203574337 is divided by 82.
71
What is the remainder when 229188 is divided by 26?
24
What is the remainder when 250098 is divided by 309?
117
Calculate the remainder when 2231929 is divided by 202893.
106
Calculate the remainder when 163587 is divided by 1740.
27
Calculate the remainder when 76156075 is divided by 6864.
6859
What is the remainder when 20709384 is divided by 339498?
6
What is the remainder when 3082023 is divided by 1540722?
579
What is the remainder when 33002649 is divided by 396?
9
Calculate the remainder when 1041555 is divided by 1156.
1155
What is the remainder when 153013 is divided by 8049?
82
Calculate the remainder when 5268313 is divided by 219.
49
What is the remainder when 218712 is divided by 1519?
1495
What is the remainder when 299593 is divided by 697?
580
Calculate the remainder when 20058722 is divided by 109.
106
Calculate the remainder when 15906797 is divided by 133.
130
Calculate the remainder when 2359331 is divided